{"id":4947,"date":"2016-07-21T18:55:35","date_gmt":"2016-07-21T18:55:35","guid":{"rendered":"https:\/\/softmatter.quimica.unlp.edu.ar\/?page_id=4947"},"modified":"2025-05-21T13:37:45","modified_gmt":"2025-05-21T13:37:45","slug":"collaboration","status":"publish","type":"page","link":"https:\/\/softmatter.quimica.unlp.edu.ar\/?page_id=4947","title":{"rendered":"Collaborations"},"content":{"rendered":"<p>Research projects in our group are highly interdisciplinary. In many cases, this demands the use of a wide variety of techniques to tackle problems related to our experimental systems and\/or put our ideas in motion. To this end, we are actively collaborating with a number of groups with sound experience in different research areas.<\/p>\n<ul type=\"disc\">\n<li>Prof. Fernando Battaglini (Biosensado), INQUIMAE \u2013 Argentina.<\/li>\n<li>Prof. Claudio Gervasi (Espectroscop\u00eda de Impedancia), INIFTA \u2013 Argentina.<\/li>\n<li>Prof. Wolfgang Knoll (Ciencia de Materiales), Austrian Institute of Technology, Austria.<\/li>\n<li>Prof. Sergio Moya (Biointerfaces), BiomaGune \u2013 Espa\u00f1a.<\/li>\n<li>Prof. Daniel Murgida (Biophysics -Raman Spectroscopy)- INQUIMAE-UBA, Argentina.<\/li>\n<li>Prof. Roberto Salvarezza (Ciencia de Superficies) INIFTA \u2013 Argentina<\/li>\n<li>Prof. Patricia Schilardi (Nanofabricaci\u00f3n) INIFTA \u2013 Argentina<\/li>\n<li>Prof. Galo Soler-Illia (Materiales Mesoporosos), Comisi\u00f3n Nacional de Energ\u00eda At\u00f3mica \u2013 Argentina.<\/li>\n<li>Prof. Igal Szleifer (Biof\u00edsica), Northwestern University, USA<\/li>\n<li>Prof. Mar\u00eda Eugenia Toimil-Molares (Nanoporos de Estado S\u00f3lido), GSI \u2013 Alemania<\/li>\n<li>Prof. Christina Trautmann (Nanoporos de Estado S\u00f3lido), GSI \u2013 Alemania<\/li>\n<li>Prof. Gerhard Wegner (Max Planck Partner Group), Max Planck Institute for Polymer Research \u2013 Alemania<\/li>\n<li>Prof. Bernd Stuhn (Coloides, estructuras autoensambladas) Technological University Darmstadt \u2013 Alemania<\/li>\n<\/ul>\n<p><img decoding=\"async\" class=\"alignnone wp-image-4311 size-large\" src=\"..\/wp-content\/uploads\/2016\/03\/soft-matter-world-1024x651.gif\" alt=\"soft matter world\" width=\"1024\" height=\"651\" srcset=\"https:\/\/softmatter.quimica.unlp.edu.ar\/wp-content\/uploads\/2016\/03\/soft-matter-world-300x191.gif 300w, https:\/\/softmatter.quimica.unlp.edu.ar\/wp-content\/uploads\/2016\/03\/soft-matter-world-320x202.gif 320w, https:\/\/softmatter.quimica.unlp.edu.ar\/wp-content\/uploads\/2016\/03\/soft-matter-world-768x488.gif 768w, https:\/\/softmatter.quimica.unlp.edu.ar\/wp-content\/uploads\/2016\/03\/soft-matter-world-1024x651.gif 1024w, https:\/\/softmatter.quimica.unlp.edu.ar\/wp-content\/uploads\/2016\/03\/soft-matter-world.gif 1785w\" sizes=\"(max-width: 1024px) 100vw, 1024px\" \/><\/p>\n<p>&nbsp;<\/p>\n","protected":false},"excerpt":{"rendered":"<p>Research projects in our group are highly interdisciplinary. In many cases, this demands the use of a wide variety of techniques to tackle problems related to our experimental systems and\/or put our ideas in motion. To this end, we are actively collaborating with a number of groups with sound experience in different research areas. Prof.  [&#8230;]<\/p>\n","protected":false},"author":11,"featured_media":0,"parent":0,"menu_order":0,"comment_status":"closed","ping_status":"closed","template":"","meta":{"footnotes":""},"class_list":["post-4947","page","type-page","status-publish","hentry"],"_links":{"self":[{"href":"https:\/\/softmatter.quimica.unlp.edu.ar\/index.php?rest_route=\/wp\/v2\/pages\/4947","targetHints":{"allow":["GET"]}}],"collection":[{"href":"https:\/\/softmatter.quimica.unlp.edu.ar\/index.php?rest_route=\/wp\/v2\/pages"}],"about":[{"href":"https:\/\/softmatter.quimica.unlp.edu.ar\/index.php?rest_route=\/wp\/v2\/types\/page"}],"author":[{"embeddable":true,"href":"https:\/\/softmatter.quimica.unlp.edu.ar\/index.php?rest_route=\/wp\/v2\/users\/11"}],"replies":[{"embeddable":true,"href":"https:\/\/softmatter.quimica.unlp.edu.ar\/index.php?rest_route=%2Fwp%2Fv2%2Fcomments&post=4947"}],"version-history":[{"count":5,"href":"https:\/\/softmatter.quimica.unlp.edu.ar\/index.php?rest_route=\/wp\/v2\/pages\/4947\/revisions"}],"predecessor-version":[{"id":5463,"href":"https:\/\/softmatter.quimica.unlp.edu.ar\/index.php?rest_route=\/wp\/v2\/pages\/4947\/revisions\/5463"}],"wp:attachment":[{"href":"https:\/\/softmatter.quimica.unlp.edu.ar\/index.php?rest_route=%2Fwp%2Fv2%2Fmedia&parent=4947"}],"curies":[{"name":"wp","href":"https:\/\/api.w.org\/{rel}","templated":true}]}}